20
What is the value of (-8 - ((-1 - 20) + 10)) + -7?
-4
What is the value of (12 - (-4 + -7 - -16)) + 11?
18
What is -1 + (8 - (-7 + 7) - 6) + -2?
-1
What is the value of 5 - (-8 + 0 - (77 - 104))?
-14
What is -8 + -3 - (57 + -71)?
3
What is the value of -1 + -26 + -17 + 14 + 29 + -20?
-21
Calculate (1 - 32) + 19 + 3.
-9
Evaluate 8 + 14 + -7 + 1 + -19.
-3
What is -9 + 7 - 4 - 4?
-10
Evaluate 16 - (29 + (-10 - 20)).
17
Evaluate -2 - (2 + -7) - (1 - 6 - -5).
3
Evaluate 424 + -425 + 0 + 2 + 17.
18
(-16 - -4) + (7 - 1)
-6
Evaluate -48 + 46 + 0 + 2 + -3 + 3.
0
What is the value of -12 - (0 - -3) - -13?
-2
What is 13 - (-3 + 8) - (28 + -13 - -11)?
-18
-38 + 3 - (-8 - -8 - (12 + -1))
-24
What is the value of -10 + (14 - (8 + -4) - 20)?
-20
What is 23 - (65 + -33 - 7)?
-2
Calculate (2 - 6) + (43 - 38).
1
Evaluate 5 + -9 + (1 - -6) + 3 - -10.
16
What is the value of -4 + (-5 + 4 - -1) + 0?
-4
What is the value of 5 + 0 + (-178 - -169)?
-4
Evaluate -26 - (-48 + (17 - -11)).
-6
What is the value of (-11 - -1) + (-174 - -194)?
10
Evaluate 25 + (-70 - -63) + -10 + 0 + -1.
7
What is 2 - (15 - 22 - -17)?
-8
What is 11 - 6 - -2 - 2?
5
What is -24 + (6 - 22 - -54)?
14
Calculate 0 + (3 - (1 - (2 + -3))) + 7.
8
Evaluate 16 - (26 - (-1 + 19)).
8
Calculate (4 - -12 - -6) + -16.
6
-11 - (-5 + 5 + 4 + -3)
-12
-2 + 10 - ((-36 - -39) + 21 + -1)
-15
16 - 15 - (9 + -5)
-3
What is -18 + (-8 - (12 + -25))?
-13
Calculate -8 - (7 + -3) - (-117 + 78).
27
What is the value of 7 - ((78 - 65) + (11 - 0))?
-17
3 - -2 - ((-14 - 18) + 0 + 12)
25
What is -2 + 0 - (-47 - -9 - -29)?
7
What is the value of -10 - (-6 - (6 + -1 + -6) - -1)?
-6
(-6 - (-1 + (5 - 5))) + 14 + 7
16
Calculate 17 + -2 + -7 - 8 - -10.
10
Evaluate 0 + 3 - (147 - 139).
-5
0 + (24 - 6) + -38
-20
Calculate (-16 - (7 + -27 - -8)) + -7.
-11
Evaluate -1 + 5 - (14 - -11 - 4) - -6.
-11
What is the value of -1 + 6 + (5 - 7) - 0?
3
What is 340 + -362 + -2 + 7?
-17
-46 + (41 - 18) + 0
-23
What is the value of -28 + -29 + 18 + 26?
-13
What is the value of (-12 - -7) + (10 - -3) - -2?
10
Calculate 36 + 39 + -8 + -74.
-7
Calculate (0 - 1) + -29 + 5 - 0 - 11.
-36
Calculate 23 - (27 - (35 - 33)).
-2
What is -6 + (-2 + 2 - (7 + 4))?
-17
What is (-10 - -5 - 5) + 13?
3
1 - -2 - (-15 + -21 + 53)
-14
Evaluate 1 - ((-6 - (-7 + -8)) + (-25 - 4)).
21
What is the value of -15 + (4 - (11 + -18))?
-4
Calculate 15 + (2 - -14) - 45.
-14
Calculate 7 + (-2 - (5 - (10 + (-14 - -2)))).
-2
14 - (-8 + (-8 - -13) - (7 - 4))
20
(-9 - (-7 - (8 + -1))) + 7 + -1
11
-5 + (9 - -1 - 5 - -5)
5
Evaluate 1 + (1 - 1) + (-30 - (11 + -33)).
-7
Evaluate (0 - 3) + 24 + (-11 - -4) + -1.
13
Evaluate 4 + 0 + 1 - 1 - (11 + -20).
13
6 + 5 + -5 + -8 + -2
-4
Calculate (0 - -1) + -1 + -33 + (-273 - -278).
-28
What is the value of (-2 + -2 - (-10 + 26 + -18)) + 3?
1
What is the value of -10 - 3 - (-5 - (2 + -5 - 2))?
-13
What is 5 + -11 - (-15 - (-10 + 5 + 1))?
5
-15 - (-7 + (8 - 23))
7
What is the value of (-5 - -1) + -3 + -3 + 1?
-9
Evaluate -13 + 28 + -24 + -6 + -3.
-18
What is -6 + 1 - (-6 + (-6 - 8) + 3)?
12
What is the value of 7 + -14 + 4 + 16 - 4?
9
What is -12 + 13 + -13 + 43 - 6?
25
Calculate -4 - -8 - (7 - (-8 - -4)).
-7
4 + (-12 - -10) + 5
7
10 - ((0 - ((-3 - -3) + -8)) + -3)
5
What is 7 - -3 - (11 + -7) - (-15 + 11)?
10
-41 - (5 + (-5 - (21 - 17)))
-37
-7 + 3 + (12 - (12 + 5))
-9
What is the value of (-4 - 10) + (-1 - (-5 - -1))?
-11
Calculate -5 + 25 + -25 - (-12 + 10).
-3
0 + -4 + 20 + (-3 - 12)
1
What is -1 + (-3 - 0) + -5?
-9
Evaluate (-59 - -75) + 1 + -10 + 8.
15
What is the value of (0 + -1 - 2) + -15 + 15 + -5?
-8
What is 20 + (3 - 2) - (7 - (-13 + 17))?
18
What is 10 - (-3 - ((1 - 15) + (183 - 173)))?
9
What is 0 + 0 + -4 + -3 + (10 - 4)?
-1
Calculate (-18 + 1 - (-40 + 37)) + 10.
-4
Calculate 42 + -8 - (3 + 2 - -3).
26
What is (-109 - -128) + -4 + 0?
15
What is the value of 4 + -3 + (-6 + (-3 - -6) - 4)?
-6
What is 1 + -10 - (1 + 9 + -4 - -22)?
-37
2 - (-3 + -3) - (0 + 7)
1
What is the value of -2 - -6 - -39 - (-95 - -103)?
35
Evaluate -1 - (14 - 12 - (-5 + 2)).
-6
What is (-3 - 4) + 9 + 2?
4
What is the value of -7 + (8 - 9) + (-3 - (5 - 9))?
-7
(-1 - -2) + 23 + -17 + -14
-7
What is 10 - (0 + -23 + 10 + -11) - 4?
30
What is (14 - 40) + (0 - -48)?
22
What is the value of -11 + (-7 - -13) - (-6 + -1)?
2
-104 + 100 - (0 + -44)
40
Calculate -1595 - -1603 - (0 + 0 + -1 + 0).
9
Evaluate 0 - (23 - (0 + 13) - (2 + -7)).
-15
What is the value of -14 + 18 + -7 - -24 - -4?
25
-2 + 0 + (-11 - -20) - (17 - 5)
-5
What is (-5 - (3 + 8 + -3)) + 6 + -6?
-13
What is -5 - (0 - (7 - 8) - -3)?
-9
Calculate 10 + -4 + -4 - (7 - -2).
-7
Calculate (1 - 1) + (21 - (0 + 13 + 0)).
8
What is (-9 - -5) + 8 + (13 - 7)?
10
-129 - -154 - (-1 - -19)
7
Evaluate -42 - -35 - ((-3 - 3) + 1).
-2
What is -5 - (-11 - (12 - 10 - 14))?
-6
38 - (3 - -9) - 13
13
Evaluate 49 + (-1 - 49) - (2 + (-2 - -1)).
-2
(12 - 0) + 683 + -695
0
What is -24 + (39 - 3) - 27?
-15
What is the value of 12 + 6 + -14 - (-7 + -1)?
12
What is the value of 1 + -6 + (16 + (-10 - 7) - 11)?
-17
Calculate -3 + (-7 + (-3 - -6) - -10).
3
What is the value of -483 - -519 - (1 + 19)?
16
Evaluate -4 + -1 - (30 + -26) - -7.
-2
Calculate -1 + -12 - (-4 - -3).
-12
Evaluate 1 + -1 + -3 + -2 + (-2 - -13).
6
(24 - 13) + (-1 - (0 + 0))
10
What is (2868 - 2862) + (12 - (0 + 0))?
18
What is (17 - (15 - 3)) + -7 - (1 + -7)?
4
What is 144 + -116 - (-5 + 34)?
-1
Evaluate -14 - 1 - ((1 - (15 + 1)) + 7).
-7
What is -1 - (19 + -21 - (-5 + -3) - -17)?
-24
What is the value of -5 - -9 - ((-9 - -8) + 9)?
-4
What is -49 + 46 + (3 - -3) + -1?
2
1 + -10 + -98 + 104 + 8
5
What is -31 - -20 - (7 - (0 - 0))?
-18
Calculate -3 + -6 + (15 + 7 - 12).
1
Evaluate 6 - (-5 - -10) - -23 - (-1 - 2).
27
Calculate -198 - -212 - (14 - 2).
2
What is 8 - (-10 + 14 - (2 - -2)) - -16?
24
(9 - (12 + -6)) + -10 + 10
3
-65 - -49 - (5 - (-1 - -4) - 0)
-18
-15 + 14 + -4 + 0 + 7 + -3
-1
What is the value of -8 + (60 - 59) + (5 - 0)?
-2
What is the value of (15 - 8 - -4) + -23?
-12
-27 - 3 - (-60 - -39)
-9
Evaluate 21 + -22 + 24 + -31.
-8
1 - -12 - (360 + -340) - -3
-4
(22 - 1) + -7 + (-3 - -2) + 13
26
Calculate -9 + -6 + (-24 - (4 - 19)).
-24
What is the value of 183 + -196 - (1 + -3 - 1)?
-10
-7 + 11 + (-13 - (1 - -3))
-13
What is the value of -4 + -39 - -13 - (-1 - 6 - 1)?
-22
Evaluate -8 + (23 - (-10 + 6) - (-1 + 2)).
18
What is (-5 - -1) + 0 + -9 - (-6 + 4)?
-11
26 - (-6 + 13) - 2
17
Evaluate -8 - 1 - 9 - -3.
-15
Evaluate -6 + (4 - (11 - 0)) + 9.
-4
What is the value of -15 + (19 - 6) + 0 + 8?
6
Calculate 20 - (23 + 2) - (4 - 0 - 1).
-8
What is 3 + -9 + 115 + -139?
-30
-9 - (-6 + 9 + -2)
-10
Calculate (-44 - -48) + (-4 - -1).
1
Calculate -36 + 50 + (-10 - -1 - 44).
-39
-12 - (-27 - (6 - 18))
3
What is 35 - 20 - 23 - ((-30 - 1) + -2)?
25
What is the value of 0 - (6 + -10 - (6 + -16))?
-6
Evaluate 22 - (50 + -52 - (-9 - -1)).
16
Calculate (0 + (-16 - -8) - -12 - 2) + 23.
25
What is -4 + (-10 - 0 - (6 + 10 + -21))?
-9
What is 9 + -3 - (14 + (7 - 5))?
-10
Calculate 1 - (2 + (-14 - 2) + 10).
5
395 - 410 - (-9 - 0)
-6
(-1 + 15 - 3) + (2 - -1) + -2
12
What is the value of 0 + (-20 - -7) - (0 + -5 + 2)?
-10
Evaluate -2 + 17 + -11 - (5 - (4 - 5)).
-2
What is (-24 - -20) + (-4 - -1)?
-7
What is the value of (4 - 1 - -2) + (-6 - -11)?
10
13 - (5 + -8) - 28
-12
What is the value of 1 - (14 - 8) - -8 - (-4 + 0)?
7
What is the value of 4 - ((3 - -2) + 28 + -15)?
-14
What is the value of 5 + (1 - -7) + -18 + 2 + -18?
-21
What is the value of (-1 + (3 - 0 - 7) - -12) + 13?
20
Calculate -32 + (-5 - -12) + 17.
-8
What is -3 + (-3 - (-2 - -6)) + 12?
2
Evaluate (-142 - -133) + (2 - (-3 + 4)) + -2.
-10
35 - 2 - (50 + (-87 - -47))
23
Calculate 0 + (-42 - -17) + 10 + -4.
-19
What is -10 - (-15 - -14) - 4?
-13
What is the value of -1 + 5 + -1 + -1 - -17?
19
What is the value of 7 + -6 + 2 - (6 - 7)?
4
What is the value of -3 + (-14 - (-19 + -14))?
16
Calculate (-1 - -15) + -347 + 340.
7
(1 - -3) + (3 - (5 + -2)) + -17
-13
What is the value of (8 - -2) + -14 + (-8 - -22)?
10
Evaluate (1 - -16 - (18 + -13)) + -10 + 2.
4
Calculate 5 + 2 - (-4 + (6 - 0)).
5
Calculate 27 + -15 + 11 + -10.
13
Calculate -4 - ((-8 + 1 - -9) + 0 + -2).
-4
-6 + 2 + 8 + (0 - 1 - 3)
0
15 + (-12 - (-1 - 4) - -4)
12